935?
False
Does 181 divide 51766?
True
Is 18 a factor of 509671?
False
Is 40 a factor of 10186417?
False
Is 816192 a multiple of 4?
True
Does 1205 divide 24283160?
True
Is 474 a factor of 31758?
True
Does 602 divide 842198?
True
Does 39 divide 208065?
True
Does 74 divide 6972502?
True
Is 137360 a multiple of 340?
True
Is 300279 a multiple of 79?
True
Does 37 divide 35853?
True
Is 406 a factor of 2103080?
True
Is 45630 a multiple of 203?
False
Is 18531550 a multiple of 25?
True
Is 495 a factor of 7719030?
True
Is 309 a factor of 4030596?
True
Does 12 divide 1661209?
False
Is 187817 a multiple of 21?
False
Is 238173 a multiple of 403?
True
Is 70 a factor of 5100340?
True
Does 602 divide 138345?
False
Is 14 a factor of 419006?
True
Does 31 divide 16539?
False
Does 7 divide 111867?
True
Is 174 a factor of 3617031?
False
Is 418197 a multiple of 390?
False
Is 36000 a multiple of 500?
True
Is 2271450 a multiple of 75?
True
Is 311248 a multiple of 392?
True
Is 241374 a multiple of 14?
True
Does 66 divide 230233?
False
Does 36 divide 116438?
False
Is 15425115 a multiple of 667?
False
Is 74802 a multiple of 91?
True
Is 2593227 a multiple of 897?
True
Does 41 divide 768545?
True
Is 31680 a multiple of 24?
True
Does 59 divide 133812?
True
Is 13 a factor of 92807?
True
Does 526 divide 712785?
False
Does 13 divide 6452043?
True
Is 21011 a multiple of 101?
False
Is 31 a factor of 44574?
False
Does 496 divide 1879344?
True
Is 7846948 a multiple of 898?
False
Is 5 a factor of 741030?
True
Does 79 divide 4671428?
True
Is 129850 a multiple of 350?
True
Is 4568138 a multiple of 17?
True
Is 1373088 a multiple of 24?
True
Is 25393 a multiple of 3?
False
Is 5 a factor of 132927?
False
Does 64 divide 220224?
True
Does 5 divide 215355?
True
Is 10626423 a multiple of 160?
False
Does 30 divide 207150?
True
Is 74 a factor of 370444?
True
Is 907690 a multiple of 134?
False
Is 1447413 a multiple of 759?
True
Is 11 a factor of 1363637?
True
Is 2969596 a multiple of 52?
False
Is 60 a factor of 77340?
True
Is 49 a factor of 3003233?
False
Is 102 a factor of 417886?
False
Is 164436 a multiple of 51?
False
Does 1065 divide 4065105?
True
Does 20 divide 285760?
True
Does 26 divide 3762824?
True
Is 78 a factor of 410206?
False
Is 59 a factor of 4754887?
False
Does 145 divide 1171165?
True
Does 39 divide 2166762?
True
Is 17 a factor of 109426?
False
Does 243 divide 84564?
True
Does 23 divide 350359?
True
Is 5831148 a multiple of 6?
True
Does 34 divide 15640?
True
Is 57687 a multiple of 52?
False
Does 7 divide 15030?
False
Is 69 a factor of 237132?
False
Is 91 a factor of 2096367?
True
Is 1526508 a multiple of 116?
False
Is 37 a factor of 112332?
True
Is 37651 even?
False
Is 104 a multiple of 52?
True
Is 110 a factor of 3718411?
False
Is 2710058 a multiple of 13?
True
Is 79508 a multiple of 26?
True
Is 299091 a multiple of 13?
True
Does 16 divide 137344?
True
Does 1341 divide 1264563?
True
Does 44 divide 7372462?
False
Is 35 a factor of 172760?
True
Is 14296 a multiple of 8?
True
Does 126 divide 6619284?
True
Is 294763 a multiple of 21?
False
Does 29 divide 149025?
False
Is 2688944 a multiple of 5?
False
Is 242915 a multiple of 44?
False
Does 249 divide 783365?
False
Is 15484 a multiple of 14?
True
Is 9492417 a multiple of 11?
True
Does 16 divide 1866893?
False
Does 17 divide 516225?
False
Is 11 a factor of 637538?
True
Is 5308022 a multiple of 1289?
False
Does 83 divide 3851947?
True
Is 148151 a multiple of 30?
False
Does 10 divide 235570?
True
Is 279329 a multiple of 94?
False
Is 151145 a multiple of 10?
False
Is 339918 a multiple of 626?
True
Is 1187021 a multiple of 341?
True
Is 13 a factor of 56681?
False
Is 41 a factor of 946075?
True
Is 5 a factor of 2933203?
False
Is 730556 a multiple of 15?
False
Is 190 a factor of 257260?
True
Is 1148481 a multiple of 6?
False
Is 13598 a multiple of 26?
True
Is 54 a factor of 73440?
True
Is 36386 a multiple of 18?
False
Is 11 a factor of 1570657?
True
Is 7009878 a multiple of 487?
True
Is 8673496 a multiple of 26?
True
Is 7 a factor of 19656?
True
Is 14954440 a multiple of 485?
False
Does 4 divide 2569620?
True
Is 1294150 a multiple of 67?
False
Is 3 a factor of 29609?
False
Does 30 divide 416166?
False
Does 419 divide 168857?
True
Is 3357 a multiple of 2?
False
Is 545209 a multiple of 7?
True
Is 152004 a multiple of 4?
True
Does 138 divide 2087112?
True
Does 84 divide 6307185?
False
Is 14 a factor of 12565?
False
Does 111 divide 679508?
False
Is 100 a factor of 435600?
True
Is 15938518 a multiple of 9?
False
Is 2226725 a multiple of 225?
False
Is 35452 a multiple of 10?
False
Is 296354 a multiple of 92?
False
Is 6 a factor of 213403?
False
Does 37 divide 2482293?
True
Is 110 a factor of 3496431?
False
Is 270033 a multiple of 143?
False
Does 24 divide 55608?
True
Does 175 divide 84525?
True
Is 20 a factor of 391253?
False
Is 8094170 a multiple of 10?
True
Is 104 a factor of 1196243?
False
Is 398412 a multiple of 9?
True
Is 101450 a multiple of 57?
False
Is 2968493 a multiple of 11?
True
Is 12 a factor of 2872716?
True
Does 1528 divide 3254421?
False
Is 27838 a multiple of 27?
False
Is 590 a factor of 8266552?
False
Does 168 divide 87696?
True
Is 26355 a multiple of 5?
True
Is 38460 a multiple of 10?
True
Does 81 divide 221049?
True
Does 177 divide 38383?
False
Does 95 divide 4094766?
False
Does 32 divide 59104?
True
Is 114587 a multiple of 121?
True
Does 48 divide 297696?
True
Is 995900 a multiple of 115?
True
Is 8259602 a multiple of 1237?
False
Is 10130082 a multiple of 28?
False
Does 370 divide 930920?
True
Is 16 a factor of 355376?
True
Does 85 divide 190889?
False
Is 14146 a multiple of 26?
False
Is 223816 a multiple of 5?
False
Is 180 a factor of 4622662?
False
Is 1731288 a multiple of 716?
True
Is 204 a factor of 182246?
False
Is 338604 a multiple of 6?
True
Does 252 divide 1206374?
False
Does 6 divide 2221913?
False
Does 11 divide 281244?
False
Is 1005618 a multiple of 12?
False
Is 94249 a multiple of 10?
False
Is 5360964 a multiple of 84?
True
Is 480508 a multiple of 2?
True
Is 394792 a multiple of 13?
False
Is 188 a factor of 2263332?
True
Is 999260 a multiple of 191?
False
Does 409 divide 16360?
True
Is 16 a factor of 3522908?
False
Is 20 a factor of 2797747?
False
Does 10 divide 1241330?
True
Is 109721 a multiple of 54?
False
Does 25 divide 700194?
False
Is 1632366 a multiple of 666?
True
Does 3 divide 67130?
False
Is 50 a factor of 28688400?
True
Does 465 divide 34875?
True
Is 1157100 a multiple of 28?
True
Is 2233800 a multiple of 584?
True
Does 130 divide 58219?
False
Is 715555 a multiple of 114?
False
Does 34 divide 8337174?
True
Does 906 divide 959454?
True
Is 17 a factor of 1331181?
False
Does 13 divide 50841?
False
Is 175 a factor of 86327?
False
Is 17225 a multiple of 53?
True
Is 151008 a multiple of 88?
True
Is 201675 a multiple of 25?
True
Does 14 divide 78064?
True
Does 798 divide 16787601?
False
Is 134 a factor of 74395?
False
Does 394 divide 303380?
True
Is 92678 a multiple of 2?
True
Is 12 a factor of 3352154?
False
Is 437909 a multiple of 1293?
False
Does 173 divide 188743?
True
Does 18 divide 2406888?
True
Is 27 a factor of 204849?
True
Does 70 divide 6346130?
True
Is 246 a factor of 8101821?
False
Is 6858496 a multiple of 37?
False
Is 980764 a multiple of 15?
False
Is 15 a factor of 1493053?
False
Is 257147 a multiple of 97?
True
Does 50 divide 75300?
True
Is 13 a factor of 4055311?
True
Is 25068600 a multiple of 733?
True
Is 116522 a multiple of 521?
False
Is 106 a factor of 1152962?
True
Is 537208 a multiple of 724?
True
Does 5 divide 8655507?
False
Does 60 divide 2091?
False
Is 95 a factor of 9244260?
True
Is 210 a factor of 25410?
True
Is 698131 a multiple of 16?
False
Is 173 a factor of 565472?
False
Does 19 divide 47225?
False
Is 1580 a multiple of 5?
True
Is 4944999 a multiple of 177?
False
Is 162 a factor of 69336?
True
Is 80 a factor of 3098453?
False
Does 45 divide 5582274?
False
Does 7 divide 100659?
False
Is 12 a factor of 3033915?
False
Is 23 a factor of 1156831?
True
Does 18 divide 168444?
True
Does 51 divide 3191478?
True
Is 10861001 a multiple of 48?
False
Does 136 divide 8915136?
False
Is 45 a factor of 201145?
False
Is 108 a factor of 4069332?
True
Is 26 a factor of 1667302?
True
Is 68 a 